{"id":3,"date":"2025-02-18T11:13:41","date_gmt":"2025-02-18T10:13:41","guid":{"rendered":"https:\/\/earteinteractivo.es\/gi2\/pi_victoriag\/?page_id=3"},"modified":"2025-05-19T01:14:08","modified_gmt":"2025-05-18T23:14:08","slug":"politica-privacidad","status":"publish","type":"page","link":"https:\/\/earteinteractivo.com\/gi2\/pi_victoriag\/politica-privacidad\/","title":{"rendered":"Pol\u00edtica de privacidad"},"content":{"rendered":"<div class=\"\" style=\"\" >\n    \n    <section class=\"u-clearfix u-section-2\" id=\"block-1\">\n      <div class=\"u-clearfix u-sheet u-sheet-1\">\n        <h4 class=\"u-custom-font u-font-montserrat u-text u-text-default u-text-1\">Pol\u00edtica de privacidad<\/h4>\n        <h5 class=\"u-custom-font u-font-montserrat u-text u-text-2\">Pol\u00edtica de privacidad<\/h5>\n        <h5 class=\"u-custom-font u-font-montserrat u-text u-text-default u-text-3\"> En este portfolio, respetamos y valoramos tu privacidad. Esta Pol\u00edtica de Privacidad tiene como objetivo informarte sobre c\u00f3mo recogemos, usamos y protegemos tu informaci\u00f3n personal cuando visitas nuestro portafolio en l\u00ednea.<\/h5>\n        <h5 class=\"u-custom-font u-font-montserrat u-text u-text-default u-text-4\"> Informaci\u00f3n que recogemos<\/h5>\n        <h5 class=\"u-custom-font u-font-montserrat u-text u-text-default u-text-5\"> Cuando visitas nuestro sitio, podemos recopilar autom\u00e1ticamente informaci\u00f3n de identificaci\u00f3n no personal, como tu direcci\u00f3n IP, tipo de navegador y la p\u00e1gina que visitaste. Adem\u00e1s, si te pones en contacto a trav\u00e9s de nuestro formulario de contacto o por correo electr\u00f3nico, podemos recopilar los datos que nos proporciones, como tu nombre, direcci\u00f3n de correo electr\u00f3nico y mensaje.<\/h5>\n        <h5 class=\"u-custom-font u-font-montserrat u-text u-text-default u-text-6\"> Uso de la informaci\u00f3n<\/h5>\n        <h5 class=\"u-custom-font u-font-montserrat u-text u-text-default u-text-7\"> Utilizamos la informaci\u00f3n que recopilamos para mejorar la funcionalidad de nuestro sitio web, responder a consultas, proporcionar actualizaciones de nuestros trabajos y ofrecerte una experiencia personalizada en nuestro portafolio.<\/h5>\n        <h5 class=\"u-custom-font u-font-montserrat u-text u-text-default u-text-8\"> Cookies<\/h5>\n        <h5 class=\"u-custom-font u-font-montserrat u-text u-text-default u-text-9\"> Este sitio puede usar cookies para mejorar la experiencia del usuario. Las cookies son peque\u00f1os archivos almacenados en tu dispositivo que permiten recordar tus preferencias y configurar las visitas posteriores. Puedes desactivar las cookies en tu navegador, pero esto podr\u00eda afectar la funcionalidad del sitio.<\/h5>\n        <h5 class=\"u-custom-font u-font-montserrat u-text u-text-10\"> Protecci\u00f3n de la informaci\u00f3n<\/h5>\n        <h5 class=\"u-custom-font u-font-montserrat u-text u-text-default u-text-11\"> Tomamos medidas razonables para proteger tu informaci\u00f3n personal, pero ten en cuenta que no podemos garantizar la seguridad total en Internet. Nunca compartiremos tu informaci\u00f3n personal con terceros sin tu consentimiento, salvo que estemos obligados por la ley.<\/h5>\n        <h5 class=\"u-custom-font u-font-montserrat u-text u-text-12\"> Enlaces a otros sitios<\/h5>\n        <h5 class=\"u-custom-font u-font-montserrat u-text u-text-default u-text-13\"> Nuestro portafolio puede contener enlaces a otros sitios web. No nos hacemos responsables de las pr\u00e1cticas de privacidad de esos sitios. Te recomendamos revisar las pol\u00edticas de privacidad de dichos sitios.<\/h5>\n      <\/div>\n    <\/section>\n    \n    \n    \n    \n  \n<\/div>","protected":false},"excerpt":{"rendered":"<p>Pol\u00edtica de privacidad Pol\u00edtica de privacidad En este portfolio, respetamos y valoramos tu privacidad. Esta Pol\u00edtica de Privacidad tiene como objetivo informarte sobre c\u00f3mo recogemos, usamos y protegemos tu informaci\u00f3n personal cuando visitas nuestro portafolio en l\u00ednea. Informaci\u00f3n que recogemos Cuando visitas nuestro sitio, podemos recopilar autom\u00e1ticamente informaci\u00f3n de identificaci\u00f3n no personal, como tu direcci\u00f3n [&hellip;]<\/p>\n","protected":false},"author":1,"featured_media":0,"parent":0,"menu_order":0,"comment_status":"closed","ping_status":"open","template":"","meta":{"footnotes":""},"class_list":["post-3","page","type-page","status-publish","hentry"],"_links":{"self":[{"href":"https:\/\/earteinteractivo.com\/gi2\/pi_victoriag\/wp-json\/wp\/v2\/pages\/3","targetHints":{"allow":["GET"]}}],"collection":[{"href":"https:\/\/earteinteractivo.com\/gi2\/pi_victoriag\/wp-json\/wp\/v2\/pages"}],"about":[{"href":"https:\/\/earteinteractivo.com\/gi2\/pi_victoriag\/wp-json\/wp\/v2\/types\/page"}],"author":[{"embeddable":true,"href":"https:\/\/earteinteractivo.com\/gi2\/pi_victoriag\/wp-json\/wp\/v2\/users\/1"}],"replies":[{"embeddable":true,"href":"https:\/\/earteinteractivo.com\/gi2\/pi_victoriag\/wp-json\/wp\/v2\/comments?post=3"}],"version-history":[{"count":4,"href":"https:\/\/earteinteractivo.com\/gi2\/pi_victoriag\/wp-json\/wp\/v2\/pages\/3\/revisions"}],"predecessor-version":[{"id":124,"href":"https:\/\/earteinteractivo.com\/gi2\/pi_victoriag\/wp-json\/wp\/v2\/pages\/3\/revisions\/124"}],"wp:attachment":[{"href":"https:\/\/earteinteractivo.com\/gi2\/pi_victoriag\/wp-json\/wp\/v2\/media?parent=3"}],"curies":[{"name":"wp","href":"https:\/\/api.w.org\/{rel}","templated":true}]}}