{"id":2,"date":"2025-02-27T12:41:03","date_gmt":"2025-02-27T11:41:03","guid":{"rendered":"https:\/\/earteinteractivo.es\/gi2\/pi_victorian\/?page_id=2"},"modified":"2025-05-17T14:52:54","modified_gmt":"2025-05-17T12:52:54","slug":"index","status":"publish","type":"page","link":"https:\/\/earteinteractivo.com\/gi2\/pi_victorian\/","title":{"rendered":"Telde Quest"},"content":{"rendered":"<div class=\"\" style=\"\" >\n    \n    <section class=\"u-align-center u-clearfix u-container-align-center u-section-2\" id=\"sec-ef66\">\n      <div class=\"u-carousel u-carousel-duration-2000 u-expanded-width u-gallery u-gallery-slider u-layout-carousel u-no-transition u-show-text-none u-gallery-1\" id=\"carousel-47fb\" data-interval=\"4000\" data-u-ride=\"carousel\" data-pause=\"false\">\n        <ol class=\"u-absolute-hcenter u-carousel-indicators u-hidden u-carousel-indicators-1\">\n          <li data-u-target=\"#carousel-47fb\" data-u-slide-to=\"0\" class=\"u-active u-grey-70 u-shape-circle\" style=\"width: 10px; height: 10px;\"><\/li>\n          <li data-u-target=\"#carousel-47fb\" data-u-slide-to=\"1\" class=\"u-grey-70 u-shape-circle\" style=\"width: 10px; height: 10px;\"><\/li>\n          <li data-u-target=\"#carousel-47fb\" data-u-slide-to=\"2\" class=\"u-grey-70 u-shape-circle\" style=\"width: 10px; height: 10px;\"><\/li>\n        <\/ol>\n        <div class=\"u-carousel-inner u-gallery-inner\" role=\"listbox\">\n          <div class=\"u-active u-carousel-item u-gallery-item u-shape-rectangle u-carousel-item-1\">\n            <div class=\"u-back-slide\" data-image-width=\"1439\" data-image-height=\"809\">\n              <img decoding=\"async\" class=\"u-back-image u-expanded\" src=\"https:\/\/earteinteractivo.com\/gi2\/pi_victorian\/wp-content\/uploads\/2025\/05\/FondoBufadero.jpg\">\n            <\/div>\n            <div class=\"u-align-center u-container-align-center u-over-slide u-shading u-valign-middle u-over-slide-1\">\n              <h3 class=\"u-align-center u-gallery-heading\" style=\"margin-right: 0px; margin-left: 0px; font-size: 6rem; background-image: none;\">Sample Title<\/h3>\n              <p class=\"u-align-center u-gallery-text\" style=\"margin-right: 0px; margin-left: 0px; font-size: 1.875rem;\">Sample Text<\/p>\n            <\/div>\n          <\/div>\n          <div class=\"u-carousel-item u-gallery-item u-shape-rectangle u-carousel-item-2\" data-image-width=\"1439\" data-image-height=\"809\">\n            <div class=\"u-back-slide\">\n              <img decoding=\"async\" class=\"u-back-image u-expanded\" src=\"https:\/\/earteinteractivo.com\/gi2\/pi_victorian\/wp-content\/uploads\/2025\/05\/FondoSanFrancisco.jpg\">\n            <\/div>\n            <div class=\"u-align-center u-container-align-center u-over-slide u-shading u-valign-middle u-over-slide-2\"><\/div>\n            <style data-mode=\"XL\"><\/style>\n            <style data-mode=\"LG\"><\/style>\n            <style data-mode=\"MD\"><\/style>\n            <style data-mode=\"SM\"><\/style>\n            <style data-mode=\"XS\"><\/style>\n          <\/div>\n          <div class=\"u-carousel-item u-gallery-item u-shape-rectangle u-carousel-item-3\" data-image-width=\"1919\" data-image-height=\"1079\">\n            <div class=\"u-back-slide\">\n              <img decoding=\"async\" class=\"u-back-image u-expanded\" src=\"https:\/\/earteinteractivo.com\/gi2\/pi_victorian\/wp-content\/uploads\/2025\/05\/Fondocernicalos1-1.jpg\">\n            <\/div>\n            <div class=\"u-align-center u-container-align-center u-over-slide u-shading u-valign-middle u-over-slide-3\"><\/div>\n            <style data-mode=\"XL\"><\/style>\n            <style data-mode=\"LG\"><\/style>\n            <style data-mode=\"MD\"><\/style>\n            <style data-mode=\"SM\"><\/style>\n            <style data-mode=\"XS\"><\/style>\n          <\/div>\n        <\/div>\n        <a class=\"u-absolute-vcenter u-carousel-control u-carousel-control-prev u-grey-70 u-hidden u-icon-circle u-opacity u-opacity-70 u-spacing-10 u-text-white u-carousel-control-1\" href=\"#carousel-47fb\" role=\"button\" data-u-slide=\"prev\">\n          <span aria-hidden=\"true\">\n            <svg viewBox=\"0 0 451.847 451.847\"><path d=\"M97.141,225.92c0-8.095,3.091-16.192,9.259-22.366L300.689,9.27c12.359-12.359,32.397-12.359,44.751,0\nc12.354,12.354,12.354,32.388,0,44.748L173.525,225.92l171.903,171.909c12.354,12.354,12.354,32.391,0,44.744\nc-12.354,12.365-32.386,12.365-44.745,0l-194.29-194.281C100.226,242.115,97.141,234.018,97.141,225.92z\"><\/path><\/svg>\n          <\/span>\n          <span class=\"sr-only\">\n            <svg viewBox=\"0 0 451.847 451.847\"><path d=\"M97.141,225.92c0-8.095,3.091-16.192,9.259-22.366L300.689,9.27c12.359-12.359,32.397-12.359,44.751,0\nc12.354,12.354,12.354,32.388,0,44.748L173.525,225.92l171.903,171.909c12.354,12.354,12.354,32.391,0,44.744\nc-12.354,12.365-32.386,12.365-44.745,0l-194.29-194.281C100.226,242.115,97.141,234.018,97.141,225.92z\"><\/path><\/svg>\n          <\/span>\n        <\/a>\n        <a class=\"u-absolute-vcenter u-carousel-control u-carousel-control-next u-grey-70 u-hidden u-icon-circle u-opacity u-opacity-70 u-spacing-10 u-text-white u-carousel-control-2\" href=\"#carousel-47fb\" role=\"button\" data-u-slide=\"next\">\n          <span aria-hidden=\"true\">\n            <svg viewBox=\"0 0 451.846 451.847\"><path d=\"M345.441,248.292L151.154,442.573c-12.359,12.365-32.397,12.365-44.75,0c-12.354-12.354-12.354-32.391,0-44.744\nL278.318,225.92L106.409,54.017c-12.354-12.359-12.354-32.394,0-44.748c12.354-12.359,32.391-12.359,44.75,0l194.287,194.284\nc6.177,6.18,9.262,14.271,9.262,22.366C354.708,234.018,351.617,242.115,345.441,248.292z\"><\/path><\/svg>\n          <\/span>\n          <span class=\"sr-only\">\n            <svg viewBox=\"0 0 451.846 451.847\"><path d=\"M345.441,248.292L151.154,442.573c-12.359,12.365-32.397,12.365-44.75,0c-12.354-12.354-12.354-32.391,0-44.744\nL278.318,225.92L106.409,54.017c-12.354-12.359-12.354-32.394,0-44.748c12.354-12.359,32.391-12.359,44.75,0l194.287,194.284\nc6.177,6.18,9.262,14.271,9.262,22.366C354.708,234.018,351.617,242.115,345.441,248.292z\"><\/path><\/svg>\n          <\/span>\n        <\/a>\n      <\/div>\n      <h1 class=\"u-align-center u-text u-text-body-alt-color u-text-1\">TELDE QUE\u200bST<span style=\"font-weight: 900;\">\n          <span style=\"font-weight: 900;\"><\/span>\n        <\/span>\n      <\/h1>\n      <h2 class=\"u-align-center u-subtitle u-text u-text-body-alt-color u-text-2\">Una experiencia inolvidable<\/h2>\n    <\/section>\n    <section class=\"u-align-center u-clearfix u-container-align-center u-container-align-center-lg u-container-align-center-xl u-custom-color-11 u-section-3\" id=\"sec-eef4\">\n      <div class=\"u-clearfix u-sheet u-sheet-1\">\n        <h2 class=\"u-align-center u-text u-text-1\">Telde<\/h2>\n        <p class=\"u-align-justify u-custom-font u-font-montserrat u-text u-text-2\">Telde\u200b\u200b es un municipio de la isla de Gran Canaria, en la provincia de Las Palmas. Destaca por su variedad de localizaciones, con zonas costeras como el Bufadero de la Garita y la Playa de Melenara, maravillas de la naturaleza como el Barranco de los Cern\u00edcalos, rincones donde se preserva la memoria aborigen como el yacimiento arqueol\u00f3gico de Cuatro Puertas, y un precioso Casco hist\u00f3rico por el que pasear y conocer la cultura teldense.&nbsp;&nbsp;<br>\n        <\/p>\n      <\/div>\n    <\/section>\n    <section class=\"u-align-center u-clearfix u-container-align-center u-custom-color-11 u-section-4\" id=\"sec-61ee\">\n      <div class=\"u-clearfix u-sheet u-sheet-1\">\n        <div class=\"u-expanded-width u-gallery u-layout-grid u-lightbox u-show-text-on-hover u-gallery-1\">\n          <div class=\"u-gallery-inner u-gallery-inner-1\">\n            <div class=\"u-effect-fade u-gallery-item\">\n              <div class=\"u-back-slide\" data-image-width=\"4284\" data-image-height=\"5712\">\n                <img decoding=\"async\" class=\"u-back-image u-expanded\" src=\"https:\/\/earteinteractivo.com\/gi2\/pi_victorian\/wp-content\/uploads\/2025\/05\/Bufadero-scaled.jpg\">\n              <\/div>\n              <div class=\"u-over-slide u-shading u-over-slide-1\"><\/div>\n            <\/div>\n            <div class=\"u-effect-fade u-gallery-item\">\n              <div class=\"u-back-slide\" data-image-width=\"1919\" data-image-height=\"1022\">\n                <img decoding=\"async\" class=\"u-back-image u-expanded u-back-image-2\" src=\"https:\/\/earteinteractivo.com\/gi2\/pi_victorian\/wp-content\/uploads\/2025\/05\/Capturadepantalla2025-05-14222858-1.png\">\n              <\/div>\n              <div class=\"u-over-slide u-shading u-over-slide-2\"><\/div>\n            <\/div>\n            <div class=\"u-effect-fade u-gallery-item\">\n              <div class=\"u-back-slide\" data-image-width=\"3024\" data-image-height=\"4032\">\n                <img decoding=\"async\" class=\"u-back-image u-expanded\" src=\"https:\/\/earteinteractivo.com\/gi2\/pi_victorian\/wp-content\/uploads\/2025\/05\/IMG_1956-scaled.jpg\">\n              <\/div>\n              <div class=\"u-over-slide u-shading u-over-slide-3\"><\/div>\n            <\/div>\n            <div class=\"u-effect-fade u-gallery-item\">\n              <div class=\"u-back-slide\" data-image-width=\"1914\" data-image-height=\"1023\">\n                <img decoding=\"async\" class=\"u-back-image u-expanded\" src=\"https:\/\/earteinteractivo.com\/gi2\/pi_victorian\/wp-content\/uploads\/2025\/05\/Capturadepantalla2025-05-14224524-2.png\">\n              <\/div>\n              <div class=\"u-over-slide u-shading u-over-slide-4\"><\/div>\n            <\/div>\n            <div class=\"u-effect-fade u-gallery-item\">\n              <div class=\"u-back-slide\" data-image-width=\"700\" data-image-height=\"920\">\n                <img decoding=\"async\" class=\"u-back-image u-expanded u-back-image-5\" src=\"https:\/\/earteinteractivo.com\/gi2\/pi_victorian\/wp-content\/uploads\/2025\/05\/Capturadepantalla2025-05-14225245.png\">\n              <\/div>\n              <div class=\"u-over-slide u-shading u-over-slide-5\"><\/div>\n            <\/div>\n            <div class=\"u-effect-fade u-gallery-item\">\n              <div class=\"u-back-slide\" data-image-width=\"1919\" data-image-height=\"1032\">\n                <img decoding=\"async\" class=\"u-back-image u-expanded u-back-image-6\" src=\"https:\/\/earteinteractivo.com\/gi2\/pi_victorian\/wp-content\/uploads\/2025\/05\/Capturadepantalla2025-05-14224237-1.png\">\n              <\/div>\n              <div class=\"u-over-slide u-shading u-over-slide-6\"><\/div>\n            <\/div>\n          <\/div>\n        <\/div>\n      <\/div>\n    <\/section>\n    <section class=\"u-clearfix u-section-5\" id=\"sec-370a\">\n      <div class=\"u-clearfix u-sheet u-sheet-1\">\n        <div class=\"data-layout-selected u-clearfix u-expanded-width u-gutter-10 u-layout-wrap u-layout-wrap-1\">\n          <div class=\"u-layout\" style=\"\">\n            <div class=\"u-layout-row\" style=\"\">\n              <div class=\"u-container-style u-layout-cell u-left-cell u-size-60 u-size-xs-60 u-layout-cell-1\" src=\"\">\n                <div class=\"u-container-layout u-container-layout-1\">\n                  <h2 class=\"u-align-center u-text u-text-1\">Videojuego\u200b:&nbsp;<br>\"Telde Quest\" \n                  <\/h2>\n                  <p class=\"u-align-justify u-custom-font u-font-montserrat u-text u-text-2\">\"Telde Quest\u200b\" es un videojuego m\u00f3vil de estilo pixel art y cuyo objetivo es mostrar la versatilidad del municipio a trav\u00e9s de regiones y minijuegos, poniendo en valor su historia y a sus personajes ilustres.&nbsp;<br>\n                  <\/p>\n                  <a href=\"https:\/\/viki-ng.itch.io\/telde-quest\" class=\"u-align-center u-border-none u-btn u-button-style u-custom-font u-font-montserrat u-hover-custom-color-11 u-palette-2-base u-text-hover-custom-color-12 u-btn-1\" target=\"_blank\">JUGAR<\/a>\n                <\/div>\n              <\/div>\n            <\/div>\n          <\/div>\n        <\/div>\n        <div class=\"u-expanded-width u-gallery u-layout-grid u-lightbox u-show-text-on-hover u-gallery-1\">\n          <div class=\"u-gallery-inner u-gallery-inner-1\">\n            <div class=\"u-effect-fade u-gallery-item\">\n              <div class=\"u-back-slide\" data-image-width=\"528\" data-image-height=\"953\">\n                <img decoding=\"async\" class=\"u-back-image u-expanded\" src=\"https:\/\/earteinteractivo.com\/gi2\/pi_victorian\/wp-content\/uploads\/2025\/05\/Capturadepantalla2025-05-15123617.png\">\n              <\/div>\n              <div class=\"u-over-slide u-shading u-over-slide-1\"><\/div>\n            <\/div>\n            <div class=\"u-effect-fade u-gallery-item\">\n              <div class=\"u-back-slide\" data-image-width=\"536\" data-image-height=\"949\">\n                <img decoding=\"async\" class=\"u-back-image u-expanded\" src=\"https:\/\/earteinteractivo.com\/gi2\/pi_victorian\/wp-content\/uploads\/2025\/05\/Capturadepantalla2025-05-15122107.png\">\n              <\/div>\n              <div class=\"u-over-slide u-shading u-over-slide-2\"><\/div>\n            <\/div>\n            <div class=\"u-effect-fade u-gallery-item\">\n              <div class=\"u-back-slide\" data-image-width=\"537\" data-image-height=\"957\">\n                <img decoding=\"async\" class=\"u-back-image u-expanded\" src=\"https:\/\/earteinteractivo.com\/gi2\/pi_victorian\/wp-content\/uploads\/2025\/05\/Capturadepantalla2025-05-15122120.png\">\n              <\/div>\n              <div class=\"u-over-slide u-shading u-over-slide-3\"><\/div>\n            <\/div>\n          <\/div>\n        <\/div>\n      <\/div>\n    <\/section>\n    <section class=\"u-align-center u-clearfix u-container-align-center u-container-align-center-lg u-container-align-center-xl u-custom-color-11 u-section-6\" id=\"sec-b464\">\n      <div class=\"u-clearfix u-sheet u-sheet-1\">\n        <h2 class=\"u-align-center u-text u-text-1\">Video Marketing<\/h2>\n        <p class=\"u-align-justify u-custom-font u-font-montserrat u-text u-text-2\"> Para el producto audiovisual se emplea el lema de \"Telde es\" incluyendo aspectos como historia, arte, costa, y naturaleza.&nbsp;<br>De esta forma, la intenci\u00f3n es abarcar todos los elementos que conforman este municipio, y despegarse un poco de la idea de que en esta isla solo destaca la costa.&nbsp;<br>\n          <br>\n        <\/p>\n        <p class=\"u-align-center u-custom-font u-font-montserrat u-text u-text-3\">Telde es mucho m\u00e1s que sus playas<span style=\"font-weight: 500;\">\n            <span style=\"font-weight: 500;\"><\/span>\n          <\/span>\n        <\/p>\n        <div class=\"u-align-center u-expanded-width u-video u-video-contain u-video-1\">\n          <div class=\"embed-responsive embed-responsive-1\">\n            <iframe style=\"position: absolute;top: 0;left: 0;width: 100%;height: 100%;\" class=\"embed-responsive-item\" src=\"https:\/\/www.youtube.com\/embed\/o1MirPqKLQ4?mute=0&amp;showinfo=0&amp;controls=0&amp;start=0\" frameborder=\"0\" allowfullscreen=\"\"><\/iframe>\n          <\/div>\n        <\/div>\n      <\/div>\n    <\/section>\n    <section class=\"u-clearfix u-section-7\" id=\"sec-e830\" data-href=\"#\">\n      <div class=\"u-clearfix u-sheet u-sheet-1\">\n        <div class=\"data-layout-selected u-clearfix u-expanded-width u-gutter-0 u-hidden-md u-layout-wrap u-layout-wrap-1\">\n          <div class=\"u-layout\">\n            <div class=\"u-layout-row\">\n              <div class=\"u-align-center u-container-align-center u-container-align-center-lg u-container-align-center-md u-container-align-center-sm u-container-align-center-xl u-container-style u-hidden-md u-hidden-xs u-layout-cell u-left-cell u-size-23 u-layout-cell-1\">\n                <div class=\"u-container-layout u-valign-middle u-container-layout-1\">\n                  <div alt=\"\" class=\"u-hidden-md u-hidden-xs u-image u-image-circle u-image-1\" data-image-width=\"828\" data-image-height=\"1792\" style=\"background-image: url(&quot;https:\/\/earteinteractivo.com\/gi2\/pi_victorian\/wp-content\/uploads\/2025\/05\/IMG_80222.png&quot;);\"><\/div>\n                <\/div>\n              <\/div>\n              <div class=\"u-container-align-left-lg u-container-align-left-xl u-container-style u-layout-cell u-right-cell u-size-37 u-layout-cell-2\">\n                <div class=\"u-container-layout u-container-layout-2\">\n                  <h1 class=\"u-align-center-xs u-align-left-lg u-align-left-md u-align-left-sm u-align-left-xl u-text u-text-default u-text-1\">So\u200bbre m\u200b\u00ed<\/h1>\n                  <p class=\"u-align-center-md u-align-center-sm u-align-justify-lg u-align-justify-xl u-align-justify-xs u-custom-font u-font-montserrat u-text u-text-2\">Este trabajo ha sido realizado por Victoria Naranjo como Proyecto Integrado de segundo curso del Ciclo Formativo de Grado Supe\u200brio\u200br de Gr\u00e1fica Interactiva en la Escuela de Arte y Superior de Dise\u00f1o de Gran Canaria.&nbsp;<br>\n                    <br>Si quieres conocer un poco m\u00e1s sobre m\u00ed y mis proyectos, te invito a visitar mi portfolio personal.&nbsp;\n                  <\/p>\n                  <a href=\"https:\/\/earteinteractivo.es\/gi2\/victorian\/\" class=\"u-border-none u-btn u-button-style u-custom-color-6 u-custom-font u-font-montserrat u-hover-custom-color-7 u-text-hover-custom-color-6 u-text-white u-btn-1\">Portfolio<\/a>\n                  <div alt=\"\" class=\"u-hidden-xl u-image u-image-circle u-image-2\" data-image-width=\"828\" data-image-height=\"1792\" style=\"background-image: url(&quot;https:\/\/earteinteractivo.com\/gi2\/pi_victorian\/wp-content\/uploads\/2025\/05\/IMG_80222.png&quot;);\"><\/div>\n                <\/div>\n              <\/div>\n            <\/div>\n          <\/div>\n        <\/div>\n        <h2 class=\"u-align-center u-hidden-md u-hidden-xl u-hidden-xs u-text u-text-3\">Sobre m\u00ed<\/h2>\n        <p class=\"u-align-justify u-custom-font u-font-montserrat u-hidden-xl u-hidden-xs u-text u-text-4\"> Este trabajo ha sido realizado por Victoria Naranjo como Proyecto Integrado de segundo curso del Ciclo Formativo de Grado Supe\u200brio\u200br de Gr\u00e1fica Interactiva en la Escuela de Arte y Superior de Dise\u00f1o de Gran Canaria.&nbsp;<br>\n          <br>Si quieres conocer un poco m\u00e1s sobre m\u00ed y mis proyectos, te invito a visitar mi portfolio personal.&nbsp;<br>\n          <br>\n        <\/p>\n        <a href=\"https:\/\/earteinteractivo.es\/gi2\/victorian\/\" class=\"u-border-none u-btn u-button-style u-custom-color-6 u-custom-font u-font-montserrat u-hidden-xl u-hidden-xs u-hover-custom-color-7 u-text-hover-custom-color-6 u-text-white u-btn-2\">Portfolio<\/a>\n        <div alt=\"\" class=\"u-hidden-md u-hidden-xl u-hidden-xs u-image u-image-circle u-image-3\" data-image-width=\"828\" data-image-height=\"1792\" style=\"background-image: url(&quot;https:\/\/earteinteractivo.com\/gi2\/pi_victorian\/wp-content\/uploads\/2025\/05\/IMG_80222.png&quot;);\"><\/div>\n        <div alt=\"\" class=\"u-hidden-xl u-hidden-xs u-image u-image-circle u-image-4\" data-image-width=\"828\" data-image-height=\"1792\" style=\"background-image: url(&quot;https:\/\/earteinteractivo.com\/gi2\/pi_victorian\/wp-content\/uploads\/2025\/05\/IMG_80222.png&quot;);\"><\/div>\n        <h2 class=\"u-align-center u-hidden-xl u-hidden-xs u-text u-text-5\">Sobre m\u00ed <\/h2>\n      <\/div>\n    <\/section>\n    \n    \n    \n    \n  \n<\/div>","protected":false},"excerpt":{"rendered":"<p>Sample Title Sample Text TELDE QUE\u200bST Una experiencia inolvidable Telde Telde\u200b\u200b es un municipio de la isla de Gran Canaria, en la provincia de Las Palmas. Destaca por su variedad de localizaciones, con zonas costeras como el Bufadero de la Garita y la Playa de Melenara, maravillas de la naturaleza como el Barranco de los [&hellip;]<\/p>\n","protected":false},"author":1,"featured_media":0,"parent":0,"menu_order":0,"comment_status":"closed","ping_status":"closed","template":"","meta":{"footnotes":""},"class_list":["post-2","page","type-page","status-publish","hentry"],"_links":{"self":[{"href":"https:\/\/earteinteractivo.com\/gi2\/pi_victorian\/wp-json\/wp\/v2\/pages\/2","targetHints":{"allow":["GET"]}}],"collection":[{"href":"https:\/\/earteinteractivo.com\/gi2\/pi_victorian\/wp-json\/wp\/v2\/pages"}],"about":[{"href":"https:\/\/earteinteractivo.com\/gi2\/pi_victorian\/wp-json\/wp\/v2\/types\/page"}],"author":[{"embeddable":true,"href":"https:\/\/earteinteractivo.com\/gi2\/pi_victorian\/wp-json\/wp\/v2\/users\/1"}],"replies":[{"embeddable":true,"href":"https:\/\/earteinteractivo.com\/gi2\/pi_victorian\/wp-json\/wp\/v2\/comments?post=2"}],"version-history":[{"count":41,"href":"https:\/\/earteinteractivo.com\/gi2\/pi_victorian\/wp-json\/wp\/v2\/pages\/2\/revisions"}],"predecessor-version":[{"id":172,"href":"https:\/\/earteinteractivo.com\/gi2\/pi_victorian\/wp-json\/wp\/v2\/pages\/2\/revisions\/172"}],"wp:attachment":[{"href":"https:\/\/earteinteractivo.com\/gi2\/pi_victorian\/wp-json\/wp\/v2\/media?parent=2"}],"curies":[{"name":"wp","href":"https:\/\/api.w.org\/{rel}","templated":true}]}}